{"id":308,"date":"2021-09-26T06:47:22","date_gmt":"2021-09-26T06:47:22","guid":{"rendered":"https:\/\/de-richtign.de\/?post_type=tribe_events&#038;p=308"},"modified":"2021-09-26T06:47:22","modified_gmt":"2021-09-26T06:47:22","slug":"maibaumfest-oberndorf-b-ebersberg","status":"publish","type":"tribe_events","link":"https:\/\/de-richtign.de\/?tribe_events=maibaumfest-oberndorf-b-ebersberg","title":{"rendered":"Maibaumfest Oberndorf b. Ebersberg"},"content":{"rendered":"<p>Beim Huber-Wirt in Oberdorf &#8211; Maibaumfest mit z\u00fcnftiger boarischer<\/p>\n<p>Blasmusik &#8211; bei sch\u00f6nen Wetter Stra\u00dfenfest vor dem Wirtshaus &#8211;<\/p>\n<p>bei schlechter Witterung im Saal<\/p>\n<p>&nbsp;<\/p>\n","protected":false},"excerpt":{"rendered":"<p>Beim Huber-Wirt in Oberdorf &#8211; Maibaumfest mit z\u00fcnftiger boarischer Blasmusik &#8211; bei sch\u00f6nen Wetter Stra\u00dfenfest vor dem Wirtshaus &#8211; bei schlechter Witterung im Saal &nbsp;<\/p>\n","protected":false},"author":2,"featured_media":0,"template":"","meta":{"neve_meta_sidebar":"","neve_meta_container":"","neve_meta_enable_content_width":"","neve_meta_content_width":0,"neve_meta_title_alignment":"","neve_meta_author_avatar":"","neve_post_elements_order":"","neve_meta_disable_header":"","neve_meta_disable_footer":"","neve_meta_disable_title":"","_tribe_events_status":"","_tribe_events_status_reason":"","footnotes":""},"tags":[],"tribe_events_cat":[],"class_list":["post-308","tribe_events","type-tribe_events","status-publish","hentry"],"_links":{"self":[{"href":"https:\/\/de-richtign.de\/index.php?rest_route=\/wp\/v2\/tribe_events\/308","targetHints":{"allow":["GET"]}}],"collection":[{"href":"https:\/\/de-richtign.de\/index.php?rest_route=\/wp\/v2\/tribe_events"}],"about":[{"href":"https:\/\/de-richtign.de\/index.php?rest_route=\/wp\/v2\/types\/tribe_events"}],"author":[{"embeddable":true,"href":"https:\/\/de-richtign.de\/index.php?rest_route=\/wp\/v2\/users\/2"}],"version-history":[{"count":1,"href":"https:\/\/de-richtign.de\/index.php?rest_route=\/wp\/v2\/tribe_events\/308\/revisions"}],"predecessor-version":[{"id":309,"href":"https:\/\/de-richtign.de\/index.php?rest_route=\/wp\/v2\/tribe_events\/308\/revisions\/309"}],"wp:attachment":[{"href":"https:\/\/de-richtign.de\/index.php?rest_route=%2Fwp%2Fv2%2Fmedia&parent=308"}],"wp:term":[{"taxonomy":"post_tag","embeddable":true,"href":"https:\/\/de-richtign.de\/index.php?rest_route=%2Fwp%2Fv2%2Ftags&post=308"},{"taxonomy":"tribe_events_cat","embeddable":true,"href":"https:\/\/de-richtign.de\/index.php?rest_route=%2Fwp%2Fv2%2Ftribe_events_cat&post=308"}],"curies":[{"name":"wp","href":"https:\/\/api.w.org\/{rel}","templated":true}]}}

<p>Beim Huber-Wirt in Oberdorf &#8211; Maibaumfest mit zünftiger boarischer</p>
<p>Blasmusik &#8211; bei schönen Wetter Straßenfest vor dem Wirtshaus &#8211;</p>
<p>bei schlechter Witterung im Saal</p>
<p>&nbsp;</p>

<p>Beim Huber-Wirt in Oberdorf &#8211; Maibaumfest mit zünftiger boarischer Blasmusik &#8211; bei schönen Wetter Straßenfest vor dem Wirtshaus &#8211; bei schlechter Witterung im Saal &nbsp;</p>
