{"id":346,"date":"2022-03-24T11:55:57","date_gmt":"2022-03-24T11:55:57","guid":{"rendered":"https:\/\/de-richtign.de\/?post_type=tribe_events&#038;p=346"},"modified":"2022-04-01T21:03:47","modified_gmt":"2022-04-01T21:03:47","slug":"volksfest-grafing-kesselfleisch-und-schlachtschuesselessen","status":"publish","type":"tribe_events","link":"https:\/\/de-richtign.de\/?tribe_events=volksfest-grafing-kesselfleisch-und-schlachtschuesselessen","title":{"rendered":"Volksfest Grafing &#8211; Kesselfleisch und Schlachtsch\u00fcsselessen"},"content":{"rendered":"<p>Die 8-k\u00f6pfige Formation aus Musikern von Grafing und Umgebung<\/p>\n<p>spielen zu den Spezialit\u00e4ten vom Festwirt Kainz und dem s\u00fcffigen<\/p>\n<p>Gerstensaft der Wildbr\u00e4u-Brauerei z\u00fcnftige bayrisch-b\u00f6hmische<\/p>\n<p>Blasmusik, Oberkrainer und Oldies und Evergreens zur Unterhaltung!<\/p>\n","protected":false},"excerpt":{"rendered":"<p>Die 8-k\u00f6pfige Formation aus Musikern von Grafing und Umgebung spielen zu den Spezialit\u00e4ten vom Festwirt Kainz und dem s\u00fcffigen Gerstensaft der Wildbr\u00e4u-Brauerei z\u00fcnftige bayrisch-b\u00f6hmische Blasmusik, Oberkrainer und Oldies und Evergreens&hellip;&nbsp;<a href=\"https:\/\/de-richtign.de\/?tribe_events=volksfest-grafing-kesselfleisch-und-schlachtschuesselessen\" rel=\"bookmark\">Weiterlesen &raquo;<span class=\"screen-reader-text\">Volksfest Grafing &#8211; Kesselfleisch und Schlachtsch\u00fcsselessen<\/span><\/a><\/p>\n","protected":false},"author":2,"featured_media":0,"template":"","meta":{"neve_meta_sidebar":"","neve_meta_container":"","neve_meta_enable_content_width":"","neve_meta_content_width":0,"neve_meta_title_alignment":"","neve_meta_author_avatar":"","neve_post_elements_order":"","neve_meta_disable_header":"","neve_meta_disable_footer":"","neve_meta_disable_title":"","_tribe_events_status":"","_tribe_events_status_reason":"","footnotes":""},"tags":[],"tribe_events_cat":[],"class_list":["post-346","tribe_events","type-tribe_events","status-publish","hentry"],"_links":{"self":[{"href":"https:\/\/de-richtign.de\/index.php?rest_route=\/wp\/v2\/tribe_events\/346","targetHints":{"allow":["GET"]}}],"collection":[{"href":"https:\/\/de-richtign.de\/index.php?rest_route=\/wp\/v2\/tribe_events"}],"about":[{"href":"https:\/\/de-richtign.de\/index.php?rest_route=\/wp\/v2\/types\/tribe_events"}],"author":[{"embeddable":true,"href":"https:\/\/de-richtign.de\/index.php?rest_route=\/wp\/v2\/users\/2"}],"version-history":[{"count":1,"href":"https:\/\/de-richtign.de\/index.php?rest_route=\/wp\/v2\/tribe_events\/346\/revisions"}],"predecessor-version":[{"id":347,"href":"https:\/\/de-richtign.de\/index.php?rest_route=\/wp\/v2\/tribe_events\/346\/revisions\/347"}],"wp:attachment":[{"href":"https:\/\/de-richtign.de\/index.php?rest_route=%2Fwp%2Fv2%2Fmedia&parent=346"}],"wp:term":[{"taxonomy":"post_tag","embeddable":true,"href":"https:\/\/de-richtign.de\/index.php?rest_route=%2Fwp%2Fv2%2Ftags&post=346"},{"taxonomy":"tribe_events_cat","embeddable":true,"href":"https:\/\/de-richtign.de\/index.php?rest_route=%2Fwp%2Fv2%2Ftribe_events_cat&post=346"}],"curies":[{"name":"wp","href":"https:\/\/api.w.org\/{rel}","templated":true}]}}

Volksfest Grafing &#8211; Kesselfleisch und Schlachtschüsselessen

<p>Die 8-köpfige Formation aus Musikern von Grafing und Umgebung</p>
<p>spielen zu den Spezialitäten vom Festwirt Kainz und dem süffigen</p>
<p>Gerstensaft der Wildbräu-Brauerei zünftige bayrisch-böhmische</p>
<p>Blasmusik, Oberkrainer und Oldies und Evergreens zur Unterhaltung!</p>

<p>Die 8-köpfige Formation aus Musikern von Grafing und Umgebung spielen zu den Spezialitäten vom Festwirt Kainz und dem süffigen Gerstensaft der Wildbräu-Brauerei zünftige bayrisch-böhmische Blasmusik, Oberkrainer und Oldies und Evergreens&hellip;&nbsp;<a href="https://de-richtign.de/?tribe_events=volksfest-grafing-kesselfleisch-und-schlachtschuesselessen" rel="bookmark">Weiterlesen &raquo;<span class="screen-reader-text">Volksfest Grafing &#8211; Kesselfleisch und Schlachtschüsselessen</span></a></p>
