{"id":365,"date":"2022-03-31T06:07:30","date_gmt":"2022-03-31T06:07:30","guid":{"rendered":"https:\/\/de-richtign.de\/?post_type=tribe_events&#038;p=365"},"modified":"2022-03-31T06:10:20","modified_gmt":"2022-03-31T06:10:20","slug":"fruehschoppen-kurhaus-bad-aibling","status":"publish","type":"tribe_events","link":"https:\/\/de-richtign.de\/?tribe_events=fruehschoppen-kurhaus-bad-aibling","title":{"rendered":"Fr\u00fchschoppen Kurhaus Bad Aibling"},"content":{"rendered":"<p>Die 8 Musiker aus ganz S\u00fcdbayern kommen urspr\u00fcnglich aus der<\/p>\n<p>bayrisch b\u00f6hmischen Blasmusik und haben sich seit 2007 zusammengefunden,<\/p>\n<p>um Wirtshausmusik zu spielen. Im laufe der Jahre hat sich das Programm erheblich<\/p>\n<p>erweitert, so dass neben der typischen Blasmusik auch Oberkrainer, Oldies, Evergreens<\/p>\n<p>und Tanzmusikst\u00fccke dazugekommen sind.<\/p>\n<p>Freuen Sie sich auf einen Querschnitt dieser verschiedenen Musikrichtungen und<\/p>\n<p>auf einen gem\u00fctlichen musikalischen Fr\u00fchschoppen mit uns.<\/p>\n","protected":false},"excerpt":{"rendered":"<p>Die 8 Musiker aus ganz S\u00fcdbayern kommen urspr\u00fcnglich aus der bayrisch b\u00f6hmischen Blasmusik und haben sich seit 2007 zusammengefunden, um Wirtshausmusik zu spielen. Im laufe der Jahre hat sich das&hellip;&nbsp;<a href=\"https:\/\/de-richtign.de\/?tribe_events=fruehschoppen-kurhaus-bad-aibling\" rel=\"bookmark\">Weiterlesen &raquo;<span class=\"screen-reader-text\">Fr\u00fchschoppen Kurhaus Bad Aibling<\/span><\/a><\/p>\n","protected":false},"author":2,"featured_media":0,"template":"","meta":{"neve_meta_sidebar":"","neve_meta_container":"","neve_meta_enable_content_width":"","neve_meta_content_width":0,"neve_meta_title_alignment":"","neve_meta_author_avatar":"","neve_post_elements_order":"","neve_meta_disable_header":"","neve_meta_disable_footer":"","neve_meta_disable_title":"","_tribe_events_status":"","_tribe_events_status_reason":"","footnotes":""},"tags":[],"tribe_events_cat":[],"class_list":["post-365","tribe_events","type-tribe_events","status-publish","hentry"],"_links":{"self":[{"href":"https:\/\/de-richtign.de\/index.php?rest_route=\/wp\/v2\/tribe_events\/365","targetHints":{"allow":["GET"]}}],"collection":[{"href":"https:\/\/de-richtign.de\/index.php?rest_route=\/wp\/v2\/tribe_events"}],"about":[{"href":"https:\/\/de-richtign.de\/index.php?rest_route=\/wp\/v2\/types\/tribe_events"}],"author":[{"embeddable":true,"href":"https:\/\/de-richtign.de\/index.php?rest_route=\/wp\/v2\/users\/2"}],"version-history":[{"count":2,"href":"https:\/\/de-richtign.de\/index.php?rest_route=\/wp\/v2\/tribe_events\/365\/revisions"}],"predecessor-version":[{"id":368,"href":"https:\/\/de-richtign.de\/index.php?rest_route=\/wp\/v2\/tribe_events\/365\/revisions\/368"}],"wp:attachment":[{"href":"https:\/\/de-richtign.de\/index.php?rest_route=%2Fwp%2Fv2%2Fmedia&parent=365"}],"wp:term":[{"taxonomy":"post_tag","embeddable":true,"href":"https:\/\/de-richtign.de\/index.php?rest_route=%2Fwp%2Fv2%2Ftags&post=365"},{"taxonomy":"tribe_events_cat","embeddable":true,"href":"https:\/\/de-richtign.de\/index.php?rest_route=%2Fwp%2Fv2%2Ftribe_events_cat&post=365"}],"curies":[{"name":"wp","href":"https:\/\/api.w.org\/{rel}","templated":true}]}}

Frühschoppen Kurhaus Bad Aibling

<p>Die 8 Musiker aus ganz Südbayern kommen ursprünglich aus der</p>
<p>bayrisch böhmischen Blasmusik und haben sich seit 2007 zusammengefunden,</p>
<p>um Wirtshausmusik zu spielen. Im laufe der Jahre hat sich das Programm erheblich</p>
<p>erweitert, so dass neben der typischen Blasmusik auch Oberkrainer, Oldies, Evergreens</p>
<p>und Tanzmusikstücke dazugekommen sind.</p>
<p>Freuen Sie sich auf einen Querschnitt dieser verschiedenen Musikrichtungen und</p>
<p>auf einen gemütlichen musikalischen Frühschoppen mit uns.</p>

<p>Die 8 Musiker aus ganz Südbayern kommen ursprünglich aus der bayrisch böhmischen Blasmusik und haben sich seit 2007 zusammengefunden, um Wirtshausmusik zu spielen. Im laufe der Jahre hat sich das&hellip;&nbsp;<a href="https://de-richtign.de/?tribe_events=fruehschoppen-kurhaus-bad-aibling" rel="bookmark">Weiterlesen &raquo;<span class="screen-reader-text">Frühschoppen Kurhaus Bad Aibling</span></a></p>
