{"id":371,"date":"2022-03-31T06:17:34","date_gmt":"2022-03-31T06:17:34","guid":{"rendered":"https:\/\/de-richtign.de\/?post_type=tribe_events&#038;p=371"},"modified":"2022-03-31T06:19:15","modified_gmt":"2022-03-31T06:19:15","slug":"weinfest-vogtareuth","status":"publish","type":"tribe_events","link":"https:\/\/de-richtign.de\/?tribe_events=weinfest-vogtareuth","title":{"rendered":"Weinfest Vogtareuth"},"content":{"rendered":"<p>Auf geht\u00b4s zum z\u00fcnftigen Weinfest in Vogtareuth. Die 8 Musiker<\/p>\n<p>aus ganz S\u00fcdbayern spielen bayrisch-b\u00f6hmische Blasmusik , Oberkrainer,<\/p>\n<p>Oldies und Evergreens zur gmiatlichen Unterhoitung!<\/p>\n<p>Endlich moi wieder z\u00fcnftig feiern!<\/p>\n","protected":false},"excerpt":{"rendered":"<p>Auf geht\u00b4s zum z\u00fcnftigen Weinfest in Vogtareuth. Die 8 Musiker aus ganz S\u00fcdbayern spielen bayrisch-b\u00f6hmische Blasmusik , Oberkrainer, Oldies und Evergreens zur gmiatlichen Unterhoitung! Endlich moi wieder z\u00fcnftig feiern!<\/p>\n","protected":false},"author":2,"featured_media":0,"template":"","meta":{"neve_meta_sidebar":"","neve_meta_container":"","neve_meta_enable_content_width":"","neve_meta_content_width":0,"neve_meta_title_alignment":"","neve_meta_author_avatar":"","neve_post_elements_order":"","neve_meta_disable_header":"","neve_meta_disable_footer":"","neve_meta_disable_title":"","_tribe_events_status":"","_tribe_events_status_reason":"","footnotes":""},"tags":[],"tribe_events_cat":[],"class_list":["post-371","tribe_events","type-tribe_events","status-publish","hentry"],"_links":{"self":[{"href":"https:\/\/de-richtign.de\/index.php?rest_route=\/wp\/v2\/tribe_events\/371","targetHints":{"allow":["GET"]}}],"collection":[{"href":"https:\/\/de-richtign.de\/index.php?rest_route=\/wp\/v2\/tribe_events"}],"about":[{"href":"https:\/\/de-richtign.de\/index.php?rest_route=\/wp\/v2\/types\/tribe_events"}],"author":[{"embeddable":true,"href":"https:\/\/de-richtign.de\/index.php?rest_route=\/wp\/v2\/users\/2"}],"version-history":[{"count":2,"href":"https:\/\/de-richtign.de\/index.php?rest_route=\/wp\/v2\/tribe_events\/371\/revisions"}],"predecessor-version":[{"id":377,"href":"https:\/\/de-richtign.de\/index.php?rest_route=\/wp\/v2\/tribe_events\/371\/revisions\/377"}],"wp:attachment":[{"href":"https:\/\/de-richtign.de\/index.php?rest_route=%2Fwp%2Fv2%2Fmedia&parent=371"}],"wp:term":[{"taxonomy":"post_tag","embeddable":true,"href":"https:\/\/de-richtign.de\/index.php?rest_route=%2Fwp%2Fv2%2Ftags&post=371"},{"taxonomy":"tribe_events_cat","embeddable":true,"href":"https:\/\/de-richtign.de\/index.php?rest_route=%2Fwp%2Fv2%2Ftribe_events_cat&post=371"}],"curies":[{"name":"wp","href":"https:\/\/api.w.org\/{rel}","templated":true}]}}

<p>Auf geht´s zum zünftigen Weinfest in Vogtareuth. Die 8 Musiker</p>
<p>aus ganz Südbayern spielen bayrisch-böhmische Blasmusik , Oberkrainer,</p>
<p>Oldies und Evergreens zur gmiatlichen Unterhoitung!</p>
<p>Endlich moi wieder zünftig feiern!</p>

<p>Auf geht´s zum zünftigen Weinfest in Vogtareuth. Die 8 Musiker aus ganz Südbayern spielen bayrisch-böhmische Blasmusik , Oberkrainer, Oldies und Evergreens zur gmiatlichen Unterhoitung! Endlich moi wieder zünftig feiern!</p>
