{"id":378,"date":"2022-03-31T06:23:22","date_gmt":"2022-03-31T06:23:22","guid":{"rendered":"https:\/\/de-richtign.de\/?post_type=tribe_events&#038;p=378"},"modified":"2022-03-31T06:24:20","modified_gmt":"2022-03-31T06:24:20","slug":"schuetzenfest-der-gspraiter-seeschuetzen","status":"publish","type":"tribe_events","link":"https:\/\/de-richtign.de\/?tribe_events=schuetzenfest-der-gspraiter-seeschuetzen","title":{"rendered":"Sch\u00fctzenfest der Gspraiter Seesch\u00fctzen"},"content":{"rendered":"<p>Zum Kesselfleischessen spielen wir bayrisch-b\u00f6hmische Blasmusik.<\/p>\n<p>Do ko ma moi wieda gmiatlich Brotzeit macha und a Mass tringa,<\/p>\n<p>und se guad untahoitn!<\/p>\n","protected":false},"excerpt":{"rendered":"<p>Zum Kesselfleischessen spielen wir bayrisch-b\u00f6hmische Blasmusik. Do ko ma moi wieda gmiatlich Brotzeit macha und a Mass tringa, und se guad untahoitn!<\/p>\n","protected":false},"author":2,"featured_media":0,"template":"","meta":{"neve_meta_sidebar":"","neve_meta_container":"","neve_meta_enable_content_width":"","neve_meta_content_width":0,"neve_meta_title_alignment":"","neve_meta_author_avatar":"","neve_post_elements_order":"","neve_meta_disable_header":"","neve_meta_disable_footer":"","neve_meta_disable_title":"","_tribe_events_status":"","_tribe_events_status_reason":"","footnotes":""},"tags":[],"tribe_events_cat":[],"class_list":["post-378","tribe_events","type-tribe_events","status-publish","hentry"],"_links":{"self":[{"href":"https:\/\/de-richtign.de\/index.php?rest_route=\/wp\/v2\/tribe_events\/378","targetHints":{"allow":["GET"]}}],"collection":[{"href":"https:\/\/de-richtign.de\/index.php?rest_route=\/wp\/v2\/tribe_events"}],"about":[{"href":"https:\/\/de-richtign.de\/index.php?rest_route=\/wp\/v2\/types\/tribe_events"}],"author":[{"embeddable":true,"href":"https:\/\/de-richtign.de\/index.php?rest_route=\/wp\/v2\/users\/2"}],"version-history":[{"count":1,"href":"https:\/\/de-richtign.de\/index.php?rest_route=\/wp\/v2\/tribe_events\/378\/revisions"}],"predecessor-version":[{"id":379,"href":"https:\/\/de-richtign.de\/index.php?rest_route=\/wp\/v2\/tribe_events\/378\/revisions\/379"}],"wp:attachment":[{"href":"https:\/\/de-richtign.de\/index.php?rest_route=%2Fwp%2Fv2%2Fmedia&parent=378"}],"wp:term":[{"taxonomy":"post_tag","embeddable":true,"href":"https:\/\/de-richtign.de\/index.php?rest_route=%2Fwp%2Fv2%2Ftags&post=378"},{"taxonomy":"tribe_events_cat","embeddable":true,"href":"https:\/\/de-richtign.de\/index.php?rest_route=%2Fwp%2Fv2%2Ftribe_events_cat&post=378"}],"curies":[{"name":"wp","href":"https:\/\/api.w.org\/{rel}","templated":true}]}}

Schützenfest der Gspraiter Seeschützen

<p>Zum Kesselfleischessen spielen wir bayrisch-böhmische Blasmusik.</p>
<p>Do ko ma moi wieda gmiatlich Brotzeit macha und a Mass tringa,</p>
<p>und se guad untahoitn!</p>

<p>Zum Kesselfleischessen spielen wir bayrisch-böhmische Blasmusik. Do ko ma moi wieda gmiatlich Brotzeit macha und a Mass tringa, und se guad untahoitn!</p>
