{"id":403,"date":"2022-04-01T20:41:03","date_gmt":"2022-04-01T20:41:03","guid":{"rendered":"https:\/\/de-richtign.de\/?post_type=tribe_events&#038;p=403"},"modified":"2022-04-01T20:41:03","modified_gmt":"2022-04-01T20:41:03","slug":"augustiner-keller-muenchen-2","status":"publish","type":"tribe_events","link":"https:\/\/de-richtign.de\/?tribe_events=augustiner-keller-muenchen-2","title":{"rendered":"Augustiner Keller M\u00fcnchen"},"content":{"rendered":"<p>Wir, die 8 Musiker aus dem S\u00fcden Bayerns,<\/p>\n<p>spielen echte und unverf\u00e4lschte bayrisch-b\u00f6hmische Blasmusik zur<\/p>\n<p>Unterhaltung. Die Veranstaltung findet im Biergarten und<\/p>\n<p>bei schlechtem Wetter im Saal statt.<\/p>\n","protected":false},"excerpt":{"rendered":"<p>Wir, die 8 Musiker aus dem S\u00fcden Bayerns, spielen echte und unverf\u00e4lschte bayrisch-b\u00f6hmische Blasmusik zur Unterhaltung. Die Veranstaltung findet im Biergarten und bei schlechtem Wetter im Saal statt.<\/p>\n","protected":false},"author":2,"featured_media":0,"template":"","meta":{"neve_meta_sidebar":"","neve_meta_container":"","neve_meta_enable_content_width":"","neve_meta_content_width":0,"neve_meta_title_alignment":"","neve_meta_author_avatar":"","neve_post_elements_order":"","neve_meta_disable_header":"","neve_meta_disable_footer":"","neve_meta_disable_title":"","_tribe_events_status":"","_tribe_events_status_reason":"","footnotes":""},"tags":[],"tribe_events_cat":[],"class_list":["post-403","tribe_events","type-tribe_events","status-publish","hentry"],"_links":{"self":[{"href":"https:\/\/de-richtign.de\/index.php?rest_route=\/wp\/v2\/tribe_events\/403","targetHints":{"allow":["GET"]}}],"collection":[{"href":"https:\/\/de-richtign.de\/index.php?rest_route=\/wp\/v2\/tribe_events"}],"about":[{"href":"https:\/\/de-richtign.de\/index.php?rest_route=\/wp\/v2\/types\/tribe_events"}],"author":[{"embeddable":true,"href":"https:\/\/de-richtign.de\/index.php?rest_route=\/wp\/v2\/users\/2"}],"version-history":[{"count":1,"href":"https:\/\/de-richtign.de\/index.php?rest_route=\/wp\/v2\/tribe_events\/403\/revisions"}],"predecessor-version":[{"id":404,"href":"https:\/\/de-richtign.de\/index.php?rest_route=\/wp\/v2\/tribe_events\/403\/revisions\/404"}],"wp:attachment":[{"href":"https:\/\/de-richtign.de\/index.php?rest_route=%2Fwp%2Fv2%2Fmedia&parent=403"}],"wp:term":[{"taxonomy":"post_tag","embeddable":true,"href":"https:\/\/de-richtign.de\/index.php?rest_route=%2Fwp%2Fv2%2Ftags&post=403"},{"taxonomy":"tribe_events_cat","embeddable":true,"href":"https:\/\/de-richtign.de\/index.php?rest_route=%2Fwp%2Fv2%2Ftribe_events_cat&post=403"}],"curies":[{"name":"wp","href":"https:\/\/api.w.org\/{rel}","templated":true}]}}

Augustiner Keller München

<p>Wir, die 8 Musiker aus dem Süden Bayerns,</p>
<p>spielen echte und unverfälschte bayrisch-böhmische Blasmusik zur</p>
<p>Unterhaltung. Die Veranstaltung findet im Biergarten und</p>
<p>bei schlechtem Wetter im Saal statt.</p>

<p>Wir, die 8 Musiker aus dem Süden Bayerns, spielen echte und unverfälschte bayrisch-böhmische Blasmusik zur Unterhaltung. Die Veranstaltung findet im Biergarten und bei schlechtem Wetter im Saal statt.</p>
