{"id":430,"date":"2022-05-04T18:10:41","date_gmt":"2022-05-04T18:10:41","guid":{"rendered":"https:\/\/de-richtign.de\/?post_type=tribe_events&#038;p=430"},"modified":"2022-05-04T18:10:41","modified_gmt":"2022-05-04T18:10:41","slug":"buergerfest-grafing","status":"publish","type":"tribe_events","link":"https:\/\/de-richtign.de\/?tribe_events=buergerfest-grafing","title":{"rendered":"B\u00fcrgerfest Grafing"},"content":{"rendered":"<p>Genie\u00dfen Sie das traditionelle B\u00fcrgerfest in Grafing am Marktplatz<\/p>\n<p>mit netten Leuten bei einer frischen Ma\u00df und kulinarischen Schmankerln<\/p>\n<p>bei gemischter Unterhaltungsmusik &#8211; mal bayrisch &#8211; mal modern<\/p>\n<p>&nbsp;<\/p>\n<p>Bei schlechtem Wetter entf\u00e4llt die Veranstaltung ersatzlos<\/p>\n","protected":false},"excerpt":{"rendered":"<p>Genie\u00dfen Sie das traditionelle B\u00fcrgerfest in Grafing am Marktplatz mit netten Leuten bei einer frischen Ma\u00df und kulinarischen Schmankerln bei gemischter Unterhaltungsmusik &#8211; mal bayrisch &#8211; mal modern &nbsp; Bei&hellip;&nbsp;<a href=\"https:\/\/de-richtign.de\/?tribe_events=buergerfest-grafing\" rel=\"bookmark\">Weiterlesen &raquo;<span class=\"screen-reader-text\">B\u00fcrgerfest Grafing<\/span><\/a><\/p>\n","protected":false},"author":2,"featured_media":0,"template":"","meta":{"neve_meta_sidebar":"","neve_meta_container":"","neve_meta_enable_content_width":"","neve_meta_content_width":0,"neve_meta_title_alignment":"","neve_meta_author_avatar":"","neve_post_elements_order":"","neve_meta_disable_header":"","neve_meta_disable_footer":"","neve_meta_disable_title":"","_tribe_events_status":"","_tribe_events_status_reason":"","footnotes":""},"tags":[],"tribe_events_cat":[],"class_list":["post-430","tribe_events","type-tribe_events","status-publish","hentry"],"_links":{"self":[{"href":"https:\/\/de-richtign.de\/index.php?rest_route=\/wp\/v2\/tribe_events\/430","targetHints":{"allow":["GET"]}}],"collection":[{"href":"https:\/\/de-richtign.de\/index.php?rest_route=\/wp\/v2\/tribe_events"}],"about":[{"href":"https:\/\/de-richtign.de\/index.php?rest_route=\/wp\/v2\/types\/tribe_events"}],"author":[{"embeddable":true,"href":"https:\/\/de-richtign.de\/index.php?rest_route=\/wp\/v2\/users\/2"}],"version-history":[{"count":1,"href":"https:\/\/de-richtign.de\/index.php?rest_route=\/wp\/v2\/tribe_events\/430\/revisions"}],"predecessor-version":[{"id":431,"href":"https:\/\/de-richtign.de\/index.php?rest_route=\/wp\/v2\/tribe_events\/430\/revisions\/431"}],"wp:attachment":[{"href":"https:\/\/de-richtign.de\/index.php?rest_route=%2Fwp%2Fv2%2Fmedia&parent=430"}],"wp:term":[{"taxonomy":"post_tag","embeddable":true,"href":"https:\/\/de-richtign.de\/index.php?rest_route=%2Fwp%2Fv2%2Ftags&post=430"},{"taxonomy":"tribe_events_cat","embeddable":true,"href":"https:\/\/de-richtign.de\/index.php?rest_route=%2Fwp%2Fv2%2Ftribe_events_cat&post=430"}],"curies":[{"name":"wp","href":"https:\/\/api.w.org\/{rel}","templated":true}]}}

Bürgerfest Grafing

<p>Genießen Sie das traditionelle Bürgerfest in Grafing am Marktplatz</p>
<p>mit netten Leuten bei einer frischen Maß und kulinarischen Schmankerln</p>
<p>bei gemischter Unterhaltungsmusik &#8211; mal bayrisch &#8211; mal modern</p>
<p>&nbsp;</p>
<p>Bei schlechtem Wetter entfällt die Veranstaltung ersatzlos</p>

<p>Genießen Sie das traditionelle Bürgerfest in Grafing am Marktplatz mit netten Leuten bei einer frischen Maß und kulinarischen Schmankerln bei gemischter Unterhaltungsmusik &#8211; mal bayrisch &#8211; mal modern &nbsp; Bei&hellip;&nbsp;<a href="https://de-richtign.de/?tribe_events=buergerfest-grafing" rel="bookmark">Weiterlesen &raquo;<span class="screen-reader-text">Bürgerfest Grafing</span></a></p>
